48
In base 12, what is -5 - 441064?
-441069
In base 4, what is 33100312312 - 11?
33100312301
In base 8, what is -1074 + 41?
-1033
In base 3, what is 120 - 11201211?
-11201021
In base 7, what is 2 + 1311410?
1311412
In base 6, what is -25032 + -11?
-25043
In base 12, what is -71 + 109?
58
In base 5, what is -30201 - -1230?
-23421
In base 3, what is 2120100210 - -10?
2120100220
In base 10, what is -9 + -2415?
-2424
In base 2, what is -10000110011101011 + 101?
-10000110011100110
In base 12, what is 18b7 + -269?
164a
In base 9, what is 1 - -47440?
47441
In base 15, what is -13 + -82c1?
-82d4
In base 10, what is -3 + 35941?
35938
In base 14, what is 16 + -1c4b?
-1c35
In base 2, what is 1001111011 - -10011?
1010001110
In base 9, what is -3 - -3282?
3278
In base 5, what is 133031321 + 3?
133031324
In base 2, what is -10110011000010101 - -100?
-10110011000010001
In base 15, what is -135 - 4150?
-4285
In base 13, what is 7 + -23741?
-23737
In base 2, what is -11 - -1011110011010111?
1011110011010100
In base 15, what is 102d - -15?
1043
In base 3, what is -112211 - -21021?
-21120
In base 14, what is -a192 - 5b?
-a20d
In base 2, what is -11 - 1100010000111010100?
-1100010000111010111
In base 7, what is -10 + -3623242?
-3623252
In base 10, what is 3 + -122408?
-122405
In base 9, what is 0 - -486?
486
In base 5, what is -2012 - -40041?
33024
In base 14, what is -11358 - 28?
-11382
In base 8, what is 313 + 10427?
10742
In base 2, what is 1 + 10001101100010101?
10001101100010110
In base 14, what is -5 + -5ac1c?
-5ac23
In base 5, what is 124 + -41040?
-40411
In base 13, what is -13 + 72a?
717
In base 16, what is -2 + 4c091?
4c08f
In base 7, what is 65 + 223262?
223360
In base 8, what is -343337 - -10?
-343327
In base 15, what is 4202 - -26?
4228
In base 9, what is 633 + -16?
616
In base 6, what is -425 - -324?
-101
In base 10, what is 5 + -8583?
-8578
In base 7, what is -1356464 + -3?
-1356500
In base 13, what is 453 + -12?
441
In base 6, what is 10331 + -21?
10310
In base 16, what is 0 - -ade?
ade
In base 10, what is 11779 - -3?
11782
In base 9, what is -148236 - -10?
-148226
In base 7, what is 234 + 233?
500
In base 5, what is -3 + 30211131?
30211123
In base 15, what is -e36 - -2b?
-e0a
In base 14, what is 41 + 13960?
139a1
In base 11, what is 86 + 28?
103
In base 13, what is 3 + -12661?
-1265b
In base 2, what is 101011100 - 1011100100?
-110001000
In base 14, what is c + da865?
da873
In base 9, what is 1356858 + -3?
1356855
In base 5, what is -3 + -4431012?
-4431020
In base 5, what is -422310 - 34?
-422344
In base 2, what is -100 - 1100011110111011?
-1100011110111111
In base 11, what is -41166 + -6?
-41171
In base 9, what is -573644 - 0?
-573644
In base 4, what is -112 + 12302010?
12301232
In base 7, what is -220 + -222?
-442
In base 12, what is 853 + -181?
692
In base 6, what is 1 - -4340?
4341
In base 12, what is -26 + 2304?
229a
In base 3, what is -1002010020002 - 12?
-1002010020021
In base 3, what is 1120 - -2100000?
2101120
In base 13, what is -71075 - -7?
-7106b
In base 2, what is 11101010110000110 + 100?
11101010110001010
In base 16, what is -787 + 8?
-77f
In base 3, what is 11201122000 + -10?
11201121220
In base 10, what is 978 - 53?
925
In base 9, what is 106682 - 32?
106650
In base 2, what is 1110010111010000010 + 0?
1110010111010000010
In base 4, what is -30332100 - -111?
-30331323
In base 2, what is -1000010100100010 + 1111?
-1000010100010011
In base 5, what is 14 - -31343?
31412
In base 4, what is -11 - -1300323?
1300312
In base 13, what is -3b3889 - 4?
-3b3890
In base 12, what is 1780 - 6?
1776
In base 11, what is 10 + -5244?
-5234
In base 2, what is 111011001 + -11111011?
11011110
In base 11, what is 68989 + 4?
68992
In base 12, what is -79 - -a?
-6b
In base 14, what is -2 + 2662?
2660
In base 8, what is -1546 + -111?
-1657
In base 6, what is 3211 + 34?
3245
In base 16, what is -6e04 + -5?
-6e09
In base 15, what is a22 + -22?
a00
In base 2, what is -1111101011000 - 1010?
-1111101100010
In base 15, what is 2032 - -5?
2037
In base 13, what is 8a + -105?
-48
In base 4, what is 1032 + -100012?
-32320
In base 16, what is 7 - -33e?
345
In base 10, what is 389 + -1556?
-1167
In base 10, what is -2 + 5409?
5407
In base 14, what is -5 - -a739?
a734
In base 2, what is 1001110001001100 - -101?
1001110001010001
In base 5, what is 34 + 131112?
131201
In base 4, what is 3110222 + 1131?
3112013
In base 13, what is -3 - -6abc9?
6abc6
In base 13, what is -317b + 29?
-3152
In base 13, what is 149c4a - -3?
149c50
In base 15, what is 2b - -4a29?
4a55
In base 14, what is 347 + 0?
347
In base 8, what is -230074 + -11?
-230105
In base 3, what is 120112 - 2200?
110212
In base 10, what is 18 + -3113?
-3095
In base 8, what is -3 - -1077173?
1077170
In base 2, what is 1011 + -11111101100111?
-11111101011100
In base 14, what is 29391b + -4?
293917
In base 9, what is -333 + -15?
-348
In base 11, what is -87a6a - -4?
-87a66
In base 16, what is -5 - ca13?
-ca18
In base 12, what is 28343b - -4?
283443
In base 16, what is -1f + 5d6?
5b7
In base 14, what is 16c4 - -a6?
178a
In base 4, what is 11301331131 - 1?
11301331130
In base 13, what is 4 + -b1c8?
-b1c4
In base 13, what is 366 - 114b?
-ab5
In base 14, what is -2 + 28b84?
28b82
In base 8, what is -30204 + 0?
-30204
In base 7, what is 63 - 1625?
-1532
In base 15, what is a92 + 4c?
ade
In base 15, what is 63 - -1aab?
1b1e
In base 14, what is d - 599?
-58a
In base 7, what is -2 - 632462?
-632464
In base 10, what is 4 + 23570?
23574
In base 2, what is -1101010001 + 100010?
-1100101111
In base 5, what is -43 + 200321?
200223
In base 15, what is -e + -224b9?
-224c8
In base 4, what is 3323001 - 3?
3322332
In base 10, what is 4836 - -144?
4980
In base 6, what is 0 + -232155?
-232155
In base 11, what is 7849 + 204?
7a52
In base 9, what is 86 + 815?
1012
In base 7, what is -52000 + 3?
-51664
In base 7, what is 25 - -363031?
363056
In base 10, what is -3392043 - 5?
-3392048
In base 7, what is -4350533 + -1?
-4350534
In base 7, what is -1126 + 360?
-436
In base 9, what is -5 + 134365?
134360
In base 7, what is -223 + 1131?
605
In base 14, what is 0 + dc49d?
dc49d
In base 15, what is -5 - 576d0?
-576d5
In base 6, what is 53412 - -21?
53433
In base 11, what is a648 - -11?
a659
In base 9, what is 3 - -74588?
74602
In base 3, what is 202201122112101 + 2?
202201122112110
In base 9, what is 1 - 5285?
-5284
In base 15, what is 3e - 284e?
-2810
In base 11, what is -403 + -128a?
-1692
In base 11, what is -4 - 39265?
-39269
In base 4, what is -1222 - -101?
-1121
In base 14, what is ba + -b?
ad
In base 4, what is -1023200222 - 3?
-1023200231
In base 13, what is 3306c - -1?
33070
In base 2, what is -1000010110 + 11011?
-111111011
In base 8, what is 44 + -14?
30
In base 11, what is -169 - 2846?
-2a04
In base 10, what is -7225 - -239?
-6986
In base 13, what is -26c3b + 1?
-26c3a
In base 6, what is -13 - 13402243?
-13402300
In base 9, what is 4 - -83408?
83413
In base 8, what is -477731 - 1?
-477732
In base 3, what is 2110 + -1010?
1100
In base 7, what is 22126336 - -2?
22126341
In base 3, what is -2 + -220102000022?
-220102000101
In base 16, what is ae0671 - 3?
ae066e
In base 2, what is 1011100101000 - 1000100?
1011011100100
In base 16, what is -28d1 + -e?
-28df
In base 2, what is 11 + -1011010100011?
-1011010100000
In base 8, what is 31 - -317?
350
In base 3, what is -12 + -111010102?
-111010121
In base 6, what is 4144541 - 0?
4144541
In base 8, what is 15 + 512161?
512176
In base 4, what is -100 + 13023100?
13023000
In base 15, what is 928b1 - 3?
928ad
In base 11, what is -3497 + 5?
-3492
In base 5, what is 2420 - -22431?
30401
In base 13, what is 3 + -357ca2?
-357c9c
In base 6, what is 14114 - -40?
14154
In base 2, what is -10000101010 - 110?
-10000110000
In base 15, what is 125 + 1821?
1946
In base 14, what is -35dcd - 3?
-35dd2
In base 6, what is 10442552 - 11?
10442541
In base 10, what is 7 + 17911?
17918
In base 9, what is 11137 - 11?
11126
In base 9, what is 4631132 + 1?
4631133
In base 14, what is -1b6 + 2c?
-188
In base 14, what is 2d78 + 8?
2d82
In base 5, what is 403323 + 0?
403323
In base 10, what is -52 + 13581?
13529
In base 14, what is c + -40855?
-40847
In base 12, what is 271b82 - -4?
271b86
In base 14, what is 14ca + -7?
14c